{"id":3061,"date":"2024-01-17T17:01:13","date_gmt":"2024-01-17T16:01:13","guid":{"rendered":"https:\/\/eliteclubci.com\/?page_id=3061"},"modified":"2024-02-06T14:17:27","modified_gmt":"2024-02-06T13:17:27","slug":"elite-cafe","status":"publish","type":"page","link":"https:\/\/eliteclubci.com\/index.php\/elite-cafe\/","title":{"rendered":"Elite caf\u00e9"},"content":{"rendered":"<p>[et_pb_section fb_built=\u00a0\u00bb1&Prime; _builder_version=\u00a0\u00bb4.23.1&Prime; _module_preset=\u00a0\u00bbdefault\u00a0\u00bb background_color=\u00a0\u00bb#000000&Prime; hover_enabled=\u00a0\u00bb0&Prime; global_colors_info=\u00a0\u00bb{}\u00a0\u00bb module_class=\u00a0\u00bbidsectionone\u00a0\u00bb sticky_enabled=\u00a0\u00bb0&Prime;][et_pb_row _builder_version=\u00a0\u00bb4.23.1&Prime; _module_preset=\u00a0\u00bbdefault\u00a0\u00bb custom_padding=\u00a0\u00bb0px||0px||true|false\u00a0\u00bb global_colors_info=\u00a0\u00bb{}\u00a0\u00bb][et_pb_column type=\u00a0\u00bb4_4&Prime; _builder_version=\u00a0\u00bb4.16&Prime; _module_preset=\u00a0\u00bbdefault\u00a0\u00bb global_colors_info=\u00a0\u00bb{}\u00a0\u00bb][et_pb_text _builder_version=\u00a0\u00bb4.23.1&Prime; _module_preset=\u00a0\u00bbdefault\u00a0\u00bb text_font=\u00a0\u00bbMontserrat|800||on|||||\u00a0\u00bb text_text_color=\u00a0\u00bb#f4f5ef\u00a0\u00bb text_font_size=\u00a0\u00bb2vw\u00a0\u00bb text_orientation=\u00a0\u00bbcenter\u00a0\u00bb custom_padding=\u00a0\u00bb||0px||false|false\u00a0\u00bb text_font_size_tablet=\u00a0\u00bb20px\u00a0\u00bb text_font_size_phone=\u00a0\u00bb14px\u00a0\u00bb text_font_size_last_edited=\u00a0\u00bbon|phone\u00a0\u00bb global_colors_info=\u00a0\u00bb{}\u00a0\u00bb]Elite caf\u00e9: <span style=\"font-family:'Magneto';text-transform: capitalize!important;\">Le calage<\/span>[\/et_pb_text][et_pb_divider color=\u00a0\u00bb#f4f5ef\u00a0\u00bb divider_weight=\u00a0\u00bb7px\u00a0\u00bb _builder_version=\u00a0\u00bb4.23.1&Prime; _module_preset=\u00a0\u00bbdefault\u00a0\u00bb width=\u00a0\u00bb12%\u00a0\u00bb module_alignment=\u00a0\u00bbcenter\u00a0\u00bb global_colors_info=\u00a0\u00bb{}\u00a0\u00bb][\/et_pb_divider][\/et_pb_column][\/et_pb_row][\/et_pb_section][et_pb_section fb_built=\u00a0\u00bb1&Prime; _builder_version=\u00a0\u00bb4.23.1&Prime; _module_preset=\u00a0\u00bbdefault\u00a0\u00bb background_color=\u00a0\u00bb#000000&Prime; custom_padding=\u00a0\u00bb0px||||false|false\u00a0\u00bb hover_enabled=\u00a0\u00bb0&Prime; global_colors_info=\u00a0\u00bb{}\u00a0\u00bb module_class=\u00a0\u00bbidsectionone\u00a0\u00bb sticky_enabled=\u00a0\u00bb0&Prime;][et_pb_row _builder_version=\u00a0\u00bb4.23.1&Prime; _module_preset=\u00a0\u00bbdefault\u00a0\u00bb background_color=\u00a0\u00bb#f4f5ef\u00a0\u00bb width=\u00a0\u00bb90%\u00a0\u00bb max_width=\u00a0\u00bb1920px\u00a0\u00bb custom_padding=\u00a0\u00bb25px|31px|25px|31px|true|true\u00a0\u00bb animation_style=\u00a0\u00bbzoom\u00a0\u00bb box_shadow_style=\u00a0\u00bbpreset2&Prime; global_colors_info=\u00a0\u00bb{}\u00a0\u00bb][et_pb_column type=\u00a0\u00bb4_4&Prime; _builder_version=\u00a0\u00bb4.23.1&Prime; _module_preset=\u00a0\u00bbdefault\u00a0\u00bb global_colors_info=\u00a0\u00bb{}\u00a0\u00bb][et_pb_text _builder_version=\u00a0\u00bb4.23.1&Prime; _module_preset=\u00a0\u00bbdefault\u00a0\u00bb text_font=\u00a0\u00bbArial||||||||\u00a0\u00bb text_font_size=\u00a0\u00bb1vw\u00a0\u00bb text_orientation=\u00a0\u00bbjustified\u00a0\u00bb text_font_size_tablet=\u00a0\u00bb15px\u00a0\u00bb text_font_size_phone=\u00a0\u00bb15px\u00a0\u00bb text_font_size_last_edited=\u00a0\u00bbon|phone\u00a0\u00bb custom_css_main_element=\u00a0\u00bbfont-weight:500!important;\u00a0\u00bb global_colors_info=\u00a0\u00bb{}\u00a0\u00bb]<b>Elite Caf\u00e9: Le Calage, un lieu de d\u00e9tente et de convivialit\u00e9. <\/b><br \/>\nSi vous cherchez un endroit pour vous relaxer, vous r\u00e9galer et vous amuser, ne cherchez pas plus loin que ELITE CAFE: <span style=\"font-family:'Magneto';\">Le Calage<\/span>. Situ\u00e9 au sein du club de sport Elite Club, ce caf\u00e9 vous offre une ambiance chaleureuse et cosy, loin de l\u2019agitation du concept sportif. Vous pourrez y d\u00e9guster des sp\u00e9cialit\u00e9s de caf\u00e9 originales et de premi\u00e8re qualit\u00e9, accompagn\u00e9es de p\u00e2tisseries healthy, de jus detox ou de plaisirs gourmands comme les macarons.<br \/>\nQue vous veniez seul pour rencontrer du monde, entre amis pour jouer \u00e0 des jeux de soci\u00e9t\u00e9, ou pour apprendre ou vous mesurer aux \u00e9checs, vous trouverez votre bonheur \u00e0 l\u2019Elite Caf\u00e9: <span style=\"font-family:'Magneto';\">Le Calage<\/span>. Les travailleurs nomades sont \u00e9galement les bienvenus, avec un acc\u00e8s wifi gratuit et des prises \u00e9lectriques \u00e0 disposition.<br \/>\nLe caf\u00e9 est ouvert de tr\u00e8s t\u00f4t le matin \u00e0 tr\u00e8s tard le soir, et vous pouvez y passer du temps sans avoir aucun lien avec le club de sport. Et si vous venez avec vos sportifs, vous pourrez les observer depuis le caf\u00e9 sans \u00eatre d\u00e9rang\u00e9. Elite Caf\u00e9: <span style=\"font-family:'Magneto';\">Le Calage<\/span>, c\u2019est le lieu id\u00e9al pour faire une pause dans votre journ\u00e9e. <span style=\"font-family:'Magneto';\">Venez Caler<\/span> ! [\/et_pb_text][\/et_pb_column][\/et_pb_row][\/et_pb_section]<\/p>\n","protected":false},"excerpt":{"rendered":"<p>Elite caf\u00e9: Le calageElite Caf\u00e9: Le Calage, un lieu de d\u00e9tente et de convivialit\u00e9. Si vous cherchez un endroit pour vous relaxer, vous r\u00e9galer et vous amuser, ne cherchez pas plus loin que ELITE CAFE: Le Calage. Situ\u00e9 au sein du club de sport Elite Club, ce caf\u00e9 vous offre une ambiance chaleureuse et cosy, [&hellip;]<\/p>\n","protected":false},"author":2,"featured_media":0,"parent":0,"menu_order":0,"comment_status":"closed","ping_status":"closed","template":"","meta":{"_et_pb_use_builder":"on","_et_pb_old_content":"","_et_gb_content_width":"","footnotes":""},"_links":{"self":[{"href":"https:\/\/eliteclubci.com\/index.php\/wp-json\/wp\/v2\/pages\/3061"}],"collection":[{"href":"https:\/\/eliteclubci.com\/index.php\/wp-json\/wp\/v2\/pages"}],"about":[{"href":"https:\/\/eliteclubci.com\/index.php\/wp-json\/wp\/v2\/types\/page"}],"author":[{"embeddable":true,"href":"https:\/\/eliteclubci.com\/index.php\/wp-json\/wp\/v2\/users\/2"}],"replies":[{"embeddable":true,"href":"https:\/\/eliteclubci.com\/index.php\/wp-json\/wp\/v2\/comments?post=3061"}],"version-history":[{"count":7,"href":"https:\/\/eliteclubci.com\/index.php\/wp-json\/wp\/v2\/pages\/3061\/revisions"}],"predecessor-version":[{"id":3240,"href":"https:\/\/eliteclubci.com\/index.php\/wp-json\/wp\/v2\/pages\/3061\/revisions\/3240"}],"wp:attachment":[{"href":"https:\/\/eliteclubci.com\/index.php\/wp-json\/wp\/v2\/media?parent=3061"}],"curies":[{"name":"wp","href":"https:\/\/api.w.org\/{rel}","templated":true}]}}